{"id":43,"date":"2024-07-07T13:22:49","date_gmt":"2024-07-07T13:22:49","guid":{"rendered":"https:\/\/medjoy.se\/?page_id=43"},"modified":"2024-07-07T21:06:02","modified_gmt":"2024-07-07T21:06:02","slug":"kontakt","status":"publish","type":"page","link":"https:\/\/medjoy.se\/index.php\/kontakt\/","title":{"rendered":"Kontakt"},"content":{"rendered":"\n<div class=\"wp-block-group alignwide\"><div class=\"wp-block-group__inner-container is-layout-constrained wp-block-group-is-layout-constrained\">\n<div class=\"wp-block-group\"><div class=\"wp-block-group__inner-container is-layout-constrained wp-block-group-is-layout-constrained\">\n<div class=\"wp-block-cover aligncenter has-custom-content-position is-position-top-center has-white-color has-text-color has-link-color has-small-font-size wp-elements-376a64719d613cd4d991a29212b365b4\" style=\"font-style:normal;font-weight:300;min-height:100vh;aspect-ratio:unset;\"><span aria-hidden=\"true\" class=\"wp-block-cover__background has-background-dim wp-block-cover__gradient-background has-background-gradient has-luminous-dusk-gradient-background\"><\/span><img fetchpriority=\"high\" decoding=\"async\" width=\"680\" height=\"1024\" class=\"wp-block-cover__image-background wp-image-158\" alt=\"\" src=\"https:\/\/medjoy.se\/wp-content\/uploads\/2024\/07\/DSC_0213copy-680x1024.jpg\" style=\"object-position:24% 47%\" data-object-fit=\"cover\" data-object-position=\"24% 47%\" srcset=\"https:\/\/medjoy.se\/wp-content\/uploads\/2024\/07\/DSC_0213copy-680x1024.jpg 680w, https:\/\/medjoy.se\/wp-content\/uploads\/2024\/07\/DSC_0213copy-199x300.jpg 199w, https:\/\/medjoy.se\/wp-content\/uploads\/2024\/07\/DSC_0213copy-768x1156.jpg 768w, https:\/\/medjoy.se\/wp-content\/uploads\/2024\/07\/DSC_0213copy-1020x1536.jpg 1020w, https:\/\/medjoy.se\/wp-content\/uploads\/2024\/07\/DSC_0213copy-1360x2048.jpg 1360w, https:\/\/medjoy.se\/wp-content\/uploads\/2024\/07\/DSC_0213copy-1x2.jpg 1w, https:\/\/medjoy.se\/wp-content\/uploads\/2024\/07\/DSC_0213copy.jpg 1488w\" sizes=\"(max-width: 680px) 100vw, 680px\" \/><div class=\"wp-block-cover__inner-container is-layout-flow wp-block-cover-is-layout-flow\">\n<h2 class=\"wp-block-heading has-text-align-center has-white-color has-text-color has-link-color has-large-font-size wp-elements-1d24b9c4b9e904050b8e5a0443422d25\">V\u00e4lkommen med din f\u00f6rfr\u00e5gan!<\/h2>\n\n\n\n<div style=\"height:40px\" aria-hidden=\"true\" class=\"wp-block-spacer\"><\/div>\n\n\n\n<div class=\"wp-block-group alignwide\"><div class=\"wp-block-group__inner-container is-layout-constrained wp-block-group-is-layout-constrained\">\n<div class=\"wp-block-buttons alignfull is-content-justification-space-between is-layout-flex wp-container-core-buttons-is-layout-3d213aab wp-block-buttons-is-layout-flex\">\n<div class=\"wp-block-button has-custom-width wp-block-button__width-50 has-custom-font-size has-medium-font-size\"><a class=\"wp-block-button__link has-black-color has-electric-grass-gradient-background has-text-color has-background has-link-color wp-element-button\" href=\"mailto:joy.lundevall@gmail.com\" target=\"_blank\" rel=\"noreferrer noopener\">E-post<\/a><\/div>\n\n\n\n<div class=\"wp-block-button has-custom-width wp-block-button__width-50 has-custom-font-size has-medium-font-size\"><a class=\"wp-block-button__link has-black-color has-electric-grass-gradient-background has-text-color has-background has-link-color wp-element-button\" href=\"tel:+46709395433\" target=\"_blank\" rel=\"noreferrer noopener\">Telefon<\/a><\/div>\n\n\n\n<div class=\"wp-block-button has-custom-width wp-block-button__width-50 has-custom-font-size has-medium-font-size\"><a class=\"wp-block-button__link has-black-color has-electric-grass-gradient-background has-text-color has-background has-link-color wp-element-button\" href=\"https:\/\/www.instagram.com\/medjoyab\/\" target=\"_blank\" rel=\"noreferrer noopener\">Instagram<\/a><\/div>\n\n\n\n<div class=\"wp-block-button has-custom-width wp-block-button__width-50 has-custom-font-size has-medium-font-size\"><a class=\"wp-block-button__link has-black-color has-electric-grass-gradient-background has-text-color has-background has-link-color wp-element-button\" href=\"https:\/\/www.facebook.com\/share\/aouYe8GyTsTUTPTv\/\" style=\"border-radius:100px\" target=\"_blank\" rel=\"noreferrer noopener\">Facebook<\/a><\/div>\n<\/div>\n<\/div><\/div>\n<\/div><\/div>\n<\/div><\/div>\n<\/div><\/div>\n","protected":false},"excerpt":{"rendered":"","protected":false},"author":1,"featured_media":158,"parent":0,"menu_order":0,"comment_status":"closed","ping_status":"closed","template":"elementor_header_footer","meta":{"footnotes":""},"class_list":["post-43","page","type-page","status-publish","has-post-thumbnail","hentry"],"_links":{"self":[{"href":"https:\/\/medjoy.se\/index.php\/wp-json\/wp\/v2\/pages\/43","targetHints":{"allow":["GET"]}}],"collection":[{"href":"https:\/\/medjoy.se\/index.php\/wp-json\/wp\/v2\/pages"}],"about":[{"href":"https:\/\/medjoy.se\/index.php\/wp-json\/wp\/v2\/types\/page"}],"author":[{"embeddable":true,"href":"https:\/\/medjoy.se\/index.php\/wp-json\/wp\/v2\/users\/1"}],"replies":[{"embeddable":true,"href":"https:\/\/medjoy.se\/index.php\/wp-json\/wp\/v2\/comments?post=43"}],"version-history":[{"count":50,"href":"https:\/\/medjoy.se\/index.php\/wp-json\/wp\/v2\/pages\/43\/revisions"}],"predecessor-version":[{"id":199,"href":"https:\/\/medjoy.se\/index.php\/wp-json\/wp\/v2\/pages\/43\/revisions\/199"}],"wp:featuredmedia":[{"embeddable":true,"href":"https:\/\/medjoy.se\/index.php\/wp-json\/wp\/v2\/media\/158"}],"wp:attachment":[{"href":"https:\/\/medjoy.se\/index.php\/wp-json\/wp\/v2\/media?parent=43"}],"curies":[{"name":"wp","href":"https:\/\/api.w.org\/{rel}","templated":true}]}}